*g + 9377. Calculate s(26).
615
Let q(c) = 1867*c + 565714. What is q(-303)?
13
Let i(a) = 47*a**2 + 127*a + 76. Calculate i(6).
2530
Let i(u) = -3*u**3 + 2236*u**2 - 7530*u + 81636. Calculate i(742).
16
Let g(x) = -429*x**2 + 3230*x - 126. Give g(7).
1463
Let z(a) = a**3 - 229*a**2 + 1831*a - 1934. What is z(7)?
5
Let v(i) = -i**3 + 469*i**2 - 2801*i + 10657. Give v(463).
8
Let x(d) = 144*d**3 - 3*d**2 + 14*d - 12. Give x(1).
143
Let d(q) = 3184*q - 149660. Calculate d(47).
-12
Let a(i) = 8*i**3 + 52*i**2 + 84*i + 788. Calculate a(-7).
4
Let m(u) = 68*u**2 - 9912*u + 17314. Give m(144).
34
Let l(v) = v**3 + 205*v**2 + 10176*v - 2842. Determine l(-120).
38
Let x(m) = 433*m + 1082. Determine x(-3).
-217
Let m(q) = 1436*q - 103608. Calculate m(72).
-216
Let d(y) = 633*y - 25861. Calculate d(41).
92
Let b(z) = -z**3 - 5*z**2 + 996*z - 284. Determine b(29).
6
Let n(f) = -f**2 + 155*f - 3453. Give n(28).
103
Let g(r) = 24*r**3 + 3*r**2 + 521*r - 70. What is g(0)?
-70
Let f(t) = t**2 - 33*t - 725. What is f(36)?
-617
Let a(o) = 51646*o + 51051. Calculate a(-1).
-595
Let d(r) = 10*r**2 - 509*r - 1039. Determine d(56).
1817
Let q(b) = -73*b**2 + 417*b + 159. What is q(6)?
33
Let f(a) = 257*a**2 - 664*a + 8. Give f(0).
8
Let h(b) = -343*b - 100865. Calculate h(-294).
-23
Let o(r) = r**3 - 135*r**2 + 679*r - 37266. What is o(132)?
90
Let v(f) = -f**3 + 44*f**2 + 7*f - 6687. Calculate v(40).
-7
Let c(m) = 37431*m + 299393. Calculate c(-8).
-55
Let r(o) = -247*o + 25269. What is r(108)?
-1407
Let p(k) = -544*k - 24981. Calculate p(-45).
-501
Let f(s) = -s**3 + 83*s**2 + 337*s + 5. Give f(-4).
49
Let l(y) = -61397*y - 1043731. Give l(-17).
18
Let q(n) = -23*n**2 - 616*n + 255. Calculate q(-30).
-1965
Let c(m) = -2*m**2 - 794*m - 26450. Determine c(-37).
190
Let q(c) = 15792*c + 2052958. Determine q(-130).
-2
Let m(a) = 4*a**2 - 465*a - 2443. Determine m(121).
-144
Let u(a) = 7*a**2 - 13509*a - 355980. Determine u(-26).
-14
Let t(j) = 103448*j + 1758613. Calculate t(-17).
-3
Let n(t) = 7*t**2 - 444*t + 4943. Give n(49).
-6
Let z(a) = 751*a**2 - 758*a - 2. Determine z(1).
-9
Let q(d) = -415*d - 168488. What is q(-406)?
2
Let v(x) = 2087*x + 212869. Calculate v(-102).
-5
Let p(m) = 1939*m + 239566. What is p(-124)?
-870
Let n(w) = 612*w - 47949. Calculate n(78).
-213
Let f(c) = -1045*c - 4892. What is f(-5)?
333
Let z(n) = -11*n**3 + 8769*n**2 - 1782*n + 149831. What is z(797)?
-5
Let i(u) = -39597*u - 63038428. Calculate i(-1592).
-4
Let s(a) = 13632*a + 108683. Give s(-8).
-373
Let a(h) = 582*h + 568. Calculate a(-2).
-596
Let o(u) = -u**2 - 1068*u - 198131. Give o(-239).
0
Let h(z) = -129*z**2 + 13677*z + 55. Calculate h(106).
373
Let g(h) = -78207*h + 1016692. What is g(13)?
1
Let b(m) = m**2 - 612*m + 93510. Determine b(317).
-5
Let q(r) = r**3 - 124*r**2 - 1041*r - 55. Determine q(132).
1925
Let a(g) = g**3 - 983*g**2 - 2670*g + 1658986. Give a(984).
-38
Let i(n) = 2611*n + 2418. Determine i(-1).
-193
Let s(g) = -130*g + 7185. Determine s(45).
1335
Let m(y) = 57079*y - 2169045. Give m(38).
-43
Let d(j) = -26*j**2 + 450*j + 1368. Calculate d(-3).
-216
Let i(j) = j**3 - 518*j**2 + 22098*j + 18369. Give i(471).
0
Let f(m) = 3*m**2 + 282*m + 2982. Calculate f(-82).
30
Let s(i) = -10970*i - 66399. Calculate s(-6).
-579
Let m(y) = -13*y**3 - 2*y**2 - 3*y - 27. What is m(5)?
-1717
Let f(t) = -532*t - 3109. Determine f(-5).
-449
Let k(z) = -z**2 - 9249*z + 642895. Determine k(69).
-47
Let w(u) = -163601*u - 327192. Calculate w(-2).
10
Let g(u) = -u**3 + 421*u**2 + 395*u + 11384. Calculate g(422).
-10
Let u(n) = 4*n**3 - 317*n**2 - 455*n - 9060. Give u(81).
12
Let m(f) = 24*f**2 + 551*f - 302. Calculate m(-22).
-808
Let z(q) = -3*q**2 + 484*q - 17814. Determine z(57).
27
Let f(v) = -33389*v + 267166. Give f(8).
54
Let u(r) = -108*r**2 - 22817*r + 16737. Calculate u(-212).
-11
Let d(o) = -4417*o + 88280. Determine d(20).
-60
Let g(z) = z**2 + 104*z + 2222. Give g(-33).
-121
Let a(j) = -j**2 - 386*j + 3979. Give a(10).
19
Let x(l) = -l**2 - 124*l + 30670. Give x(124).
-82
Let k(v) = -53*v**2 + 11509*v - 1740. Calculate k(217).
-4
Let i(l) = -l**3 + 38*l**2 + 1423*l - 53120. Give i(34).
-114
Let z(c) = c**2 + 1227*c + 376106. Determine z(-620).
-234
Let l(h) = 3937*h + 78671. Give l(-20).
-69
Let m(n) = -240*n + 580. Calculate m(-4).
1540
Let a(n) = -1924*n - 34329. Determine a(-17).
-1621
Let g(z) = 5934*z + 314497. Give g(-53).
-5
Let b(s) = -131489*s - 1051960. Determine b(-8).
-48
Let j(r) = 685*r - 4100. Give j(7).
695
Let d(b) = 60*b + 4816. What is d(-81)?
-44
Let b(q) = -2*q**3 + 238*q**2 - 1468*q - 11187. Calculate b(112).
13
Let j(s) = 4*s**3 + 25*s**2 + 75*s - 160. Calculate j(-4).
-316
Let i(s) = 289599*s - 34751875. Calculate i(120).
5
Let q(x) = x**3 + 19*x**2 - 190*x - 188. Give q(-26).
20
Let h(g) = -2*g**3 - 110*g**2 - 1502*g + 247. Give h(-28).
-33
Let n(l) = -4*l**2 - 574*l - 19004. What is n(-92)?
-52
Let d(h) = -28188*h + 71992143. Calculate d(2554).
-9
Let w(b) = 414*b + 101838. What is w(-246)?
-6
Let u(y) = -2*y**3 + 73*y**2 + 267*y + 186. Give u(40).
-334
Let c(z) = -1562*z + 868. Calculate c(1).
-694
Let n(k) = -41*k**3 - 5741*k**2 - 260*k - 16804. Calculate n(-140).
-4
Let n(x) = -2*x**3 + 52*x**2 - 155*x + 2632. What is n(25)?
7
Let p(c) = -3*c**2 - 51*c + 145. Determine p(-27).
-665
Let m(s) = -s**3 - 43*s**2 - 542*s + 148. Give m(-24).
2212
Let k(s) = -83773*s - 83765. Give k(-1).
8
Let n(v) = 7*v**2 + 417*v - 404. Determine n(-60).
-224
Let k(x) = -3*x**2 + 10260*x + 279205. Determine k(-27).
-2
Let t(h) = -159*h - 16206. Determine t(-96).
-942
Let y(b) = 1247*b**2 - 6234*b - 15. Calculate y(5).
-10
Let g(j) = 98298*j - 7667302. Give g(78).
-58
Let i(u) = 3*u**3 + 95*u**2 + 636*u - 40. Give i(-22).
4
Let z(d) = 8*d**3 - 22*d**2 - 461*d + 63. Give z(9).
-36
Let u(r) = -r**3 - 6*r**2 - 2497*r - 7461. Give u(-3).
3
Let r(z) = 633*z**2 + 32918*z + 97. What is r(-52)?
-7
Let h(b) = -21*b**2 - 40*b + 13. Determine h(-5).
-312
Let c(g) = 5*g**2 - 2*g + 106. Give c(-6).
298
Let c(n) = -10863*n - 184188. Give c(-17).
483
Let s(f) = 46624*f + 8625437. What is s(-185)?
-3
Let v(d) = 1277*d - 21992. Calculate v(17).
-283
Let z(y) = 3*y**3 - 34*y**2 + 46*y - 69. Give z(10).
-9
Let p(d) = d**3 - 80*d**2 + 507*d + 470. Give p(73).
178
Let r(v) = 158*v - 5213. Calculate r(32).
-157
Let c(j) = -3*j**3 + 28*j**2 + 1288*j - 9324. What is c(7)?
35
Let d(c) = 7109*c + 497649. Calculate d(-70).
19
Let d(g) = 4779*g + 76741. Determine d(-16).
277
Let t(d) = 2*d**3 + 1090*d**2 - 133486*d + 1301. Calculate t(-648).
5
Let f(k) = 594*k - 16967. Give f(28).
-335
Let c(v) = v**3 + 349*v**2 + 29905*v + 1006. Determine c(-151).
-51
Let j(m) = 2*m**3 + 129*m**2 + 2030*m + 132. Calculate j(-27).
-3
Let w(l) = -47552*l + 6324413. Calculate w(133).
-3
Let l(m) = -3*m**2 + 10207*m + 164080. Determine l(-16).
0
Let p(o) = 2*o - 837. What is p(33)?
-771
Let o(r) = -40265*r + 201330. Calculate o(5).
5
Let k(x) = -2361*x**2 - 11807*x - 19. Determine k(-5).
-9
Let o(k) = 2*k**2 - 6396*k + 44692. Give o(7).
18
Let a(s) = 48*s + 3406. What is a(-63)?
382
Let u(k) = 3140*k - 1795982. Calculate u(572).
98
Let p(k) = -13*k**3 - 10*k**2 - 4*k + 1. What is p(-4)?
689
Let p(v) = v**2 + 1985*v + 13852. Calculate p(-7).
6
Let s(j) = 678*j - 6116. Determine s(9).
-14
Let v(w) = -10*w**3 - 319*w**2 + 37*w + 128. Calculate v(-32).
-32
Let y(l) = l**2 - 22118*l + 132663. Calculate y(6).
-9
Let a(w) = 1430*w + 102988. Determine a(-72).
28
Let y(z) = -3*z**3 - 7*z**2 + 18*z - 73. Calculate y(6).
-865
Let i(u) = -57878*u + 463011. Determine i(8).
-13
Let k(t) = 237*t - 1460. Determine k(14).
1858
Let t(z) = z**3 + 2*z**2 - 98*z - 206. What is t(-8)?
194
Let j(g) = 1307*g**2 + 799889*g + 3067. What is j(-612)?
7
Let x(v) = 1774*v - 12591. Determine x(6).
-1947
Let z(l) = -l**3 + 202*l**2 - 9119*l - 16. What is z(134)?
-954
Let v(d) = -3*d**2 + 75*d - 355. Determine v(26).
-433
Let w(k) = -11726*k - 46684. What is w(-4)?
220
Let h(j) = -j**3 - 135*j**2 - 2954*j - 57. Determine h(-27).
969
Let j(x) = -x**3 + 34*x**2 + 421*x - 7191. Calculate j(40).
49
Let i(d) = -d**3 + 7*d**2 + 117*d - 791. What is i(11)?
12
Let a(g) = g**3 - 62*g**2 + 441*g - 432. Give a(54).
54
Let h(w) = -195*w**2 - 17